ts digit of 10789514?
4
What is the hundreds digit of 5488387?
3
What is the ten thousands digit of 21487928?
8
What is the units digit of 1231420017?
7
What is the tens digit of 4927061808?
0
What is the ten thousands digit of 200122925?
2
What is the hundred millions digit of 1120013411?
1
What is the thousands digit of 1342745752?
5
What is the tens digit of 92551803?
0
What is the ten thousands digit of 709789647?
8
What is the hundred thousands digit of 6939402?
9
What is the ten millions digit of 7233536001?
3
What is the ten thousands digit of 2296550695?
5
What is the hundred millions digit of 905039694?
9
What is the units digit of 397714083?
3
What is the units digit of 179777855?
5
What is the tens digit of 3476365477?
7
What is the billions digit of 4394857071?
4
What is the thousands digit of 33526823?
6
What is the units digit of 53427620?
0
What is the hundred thousands digit of 1632783801?
7
What is the hundred thousands digit of 86891396?
8
What is the tens digit of 414230288?
8
What is the ten thousands digit of 119882463?
8
What is the millions digit of 1032037295?
2
What is the millions digit of 2379074?
2
What is the ten thousands digit of 29049469?
4
What is the thousands digit of 2901580905?
0
What is the ten thousands digit of 23592742?
9
What is the millions digit of 44727715?
4
What is the ten thousands digit of 3976444371?
4
What is the hundreds digit of 39609493?
4
What is the thousands digit of 47424331?
4
What is the hundred thousands digit of 158729485?
7
What is the ten millions digit of 21934704?
2
What is the ten millions digit of 19056975?
1
What is the units digit of 184546809?
9
What is the millions digit of 3053689919?
3
What is the thousands digit of 723324?
3
What is the thousands digit of 956898410?
8
What is the units digit of 415463348?
8
What is the units digit of 353895003?
3
What is the tens digit of 3115266567?
6
What is the millions digit of 788873203?
8
What is the millions digit of 285894370?
5
What is the tens digit of 569486171?
7
What is the hundreds digit of 371348545?
5
What is the units digit of 8176359?
9
What is the hundreds digit of 37568946?
9
What is the hundred thousands digit of 1116097956?
0
What is the ten thousands digit of 9005097?
0
What is the thousands digit of 194875101?
5
What is the hundreds digit of 107263695?
6
What is the ten thousands digit of 2343458062?
5
What is the thousands digit of 481511100?
1
What is the units digit of 154927681?
1
What is the hundred thousands digit of 140470601?
4
What is the millions digit of 2138039766?
8
What is the thousands digit of 38126884?
6
What is the millions digit of 36154567?
6
What is the thousands digit of 65672310?
2
What is the hundred thousands digit of 604891443?
8
What is the ten thousands digit of 127182058?
8
What is the hundred thousands digit of 1431527933?
5
What is the millions digit of 2335139920?
5
What is the millions digit of 519490274?
9
What is the hundreds digit of 281741?
7
What is the hundreds digit of 1118373518?
5
What is the hundreds digit of 44387901?
9
What is the ten millions digit of 1500962367?
0
What is the ten millions digit of 298625486?
9
What is the hundreds digit of 60588162?
1
What is the ten millions digit of 127557795?
2
What is the tens digit of 12801797?
9
What is the hundred thousands digit of 73692601?
6
What is the ten thousands digit of 56221411?
2
What is the hundred millions digit of 2509470622?
5
What is the ten thousands digit of 1214177813?
7
What is the units digit of 4652253719?
9
What is the hundred thousands digit of 1682044571?
0
What is the hundreds digit of 1454158439?
4
What is the ten thousands digit of 2245710097?
1
What is the hundred millions digit of 146861113?
1
What is the tens digit of 56318491?
9
What is the hundred thousands digit of 468091918?
0
What is the hundreds digit of 4752922847?
8
What is the tens digit of 366492218?
1
What is the units digit of 2129407657?
7
What is the ten millions digit of 4233544951?
3
What is the ten millions digit of 235349118?
3
What is the tens digit of 863277?
7
What is the hundreds digit of 64374846?
8
What is the units digit of 115205869?
9
What is the hundred thousands digit of 561738319?
7
What is the ten thousands digit of 98109773?
0
What is the hundred thousands digit of 4189042329?
0
What is the units digit of 149843446?
6
What is the hundred thousands digit of 114165956?
1
What is the ten millions digit of 18104218?
1
What is the ten thousands digit of 1830826291?
2
What is the tens digit of 4032615913?
1
What is the tens digit of 581981889?
8
What is the ten thousands digit of 50070858?
7
What is the hundred thousands digit of 818016518?
0
What is the hundreds digit of 2213552?
5
What is the units digit of 286641875?
5
What is the millions digit of 454376783?
4
What is the thousands digit of 5961753111?
3
What is the ten thousands digit of 176238258?
3
What is the hundred thousands digit of 3771800938?
8
What is the hundreds digit of 3891665461?
4
What is the ten thousands digit of 37357462?
5
What is the millions digit of 2907098131?
7
What is the ten millions digit of 5262795270?
6
What is the millions digit of 194717572?
4
What is the ten millions digit of 6293218420?
9
What is the hundred thousands digit of 50490439?
4
What is the thousands digit of 959336986?
6
What is the units digit of 262091767?
7
What is the units digit of 656193854?
4
What is the hundreds digit of 65439266?
2
What is the ten thousands digit of 47493112?
9
What is the hundreds digit of 225804831?
8
What is the millions digit of 80414446?
0
What is the ten millions digit of 64629677?
6
What is the units digit of 567825636?
6
What is the hundred millions digit of 286365845?
2
What is the tens digit of 984656510?
1
What is the hundred millions digit of 681759648?
6
What is the ten thousands digit of 500874013?
7
What is the hundreds digit of 12320755?
7
What is the thousands digit of 1596905172?
5
What is the millions digit of 1125914925?
5
What is the hundred millions digit of 1459802717?
4
What is the hundreds digit of 23881755?
7
What is the hundred thousands digit of 1238734851?
7
What is the tens digit of 3174751?
5
What is the millions digit of 104537767?
4
What is the hundreds digit of 48130932?
9
What is the hundred thousands digit of 61353375?
3
What is the billions digit of 2046344524?
2
What is the hundred millions digit of 160507680?
1
What is the hundred thousands digit of 134437?
1
What is the ten millions digit of 40239376?
4
What is the ten thousands digit of 369925255?
2
What is the thousands digit of 1125567329?
7
What is the hundred thousands digit of 1994342992?
3
What is the millions digit of 1228295593?
8
What is the hundred millions digit of 166985481?
1
What is the ten thousands digit of 29847109?
4
What is the billions digit of 2587488744?
2
What is the hundreds digit of 797797273?
2
What is the hundred thousands digit of 85137126?
1
What is the ten millions digit of 65329193?
6
What is the ten thousands digit of 177125723?
2
What is the thousands digit of 144144897?
4
What is the units digit of 236354843?
3
What is the thousands digit of 48730523?
0
What is the ten millions digit of 2889692230?
8
What is the hundred millions digit of 407751736?
4
What is the millions digit of 873293997?
3
What is the hundreds digit of 229518702?
7
What is the thousands digit of 1653498032?
8
What is the millions digit of 5236770065?
6
What is the units digit of 230784607?
7
What is the hundreds digit of 34786557?
5
What is the thousands digit of 20665871?
5
What is the thousands digit of 14605497?
5
What is the hundreds digit of 146037498?
4
What is the units digit of 12751584?
4
What is the ten thousands digit of 219815335?
1
What is the thousands digit of 683925480?
5
What is the hundreds digit of 80603552?
5
What is the millions digit of 559146202?
9
What is the units digit of 625199011?
1
What is the ten millions digit of 1215182330?
1
What is the millions digit of 848753214?
8
What is the ten thousands digit of 33181719?
8
What is the units digit of 3484931?
1
What is the units digit of 1066870359?
9
What is the ten millions digit of 1713214032?
1
What is the hundred thousands digit of 83770556?
7
What is the ten millions digi